actor of 18299?
False
Is 12 a factor of 28346?
False
Is 67549 a multiple of 31?
True
Does 21 divide 409905?
False
Does 319 divide 270821?
False
Does 403 divide 6243688?
False
Is 793129 a multiple of 116?
False
Is 5553293 a multiple of 8?
False
Is 217 a factor of 101763?
False
Does 103 divide 341857?
True
Is 47 a factor of 14229771?
False
Does 93 divide 455142?
True
Is 153 a factor of 43464?
False
Does 2 divide 259497?
False
Is 137318 a multiple of 448?
False
Is 1946582 a multiple of 253?
True
Is 47 a factor of 1232575?
True
Is 2584299 a multiple of 54?
False
Is 32 a factor of 24416?
True
Is 21 a factor of 8928045?
True
Does 3 divide 175985?
False
Is 795928 a multiple of 233?
True
Does 98 divide 3073182?
True
Is 80400 a multiple of 16?
True
Is 672999 a multiple of 121?
False
Is 785 a factor of 130310?
True
Is 134 a factor of 69049?
False
Is 495 a factor of 1036341?
False
Is 1165120 a multiple of 331?
True
Is 189 a factor of 471555?
True
Is 11 a factor of 586316?
False
Is 17769864 a multiple of 84?
True
Is 106304 a multiple of 17?
False
Is 7 a factor of 24087?
True
Does 285 divide 1585077?
False
Is 271 a factor of 1123295?
True
Does 43 divide 3785419?
True
Is 104 a factor of 95319?
False
Is 22 a factor of 23628?
True
Does 13 divide 3767543?
True
Is 303660 a multiple of 135?
False
Is 27 a factor of 33381?
False
Is 2390868 a multiple of 859?
False
Does 31 divide 347225?
False
Is 13 a factor of 10383698?
True
Is 4 a factor of 31256?
True
Is 147 a factor of 132127?
False
Does 73 divide 230972?
True
Does 8 divide 1652491?
False
Is 302440 a multiple of 309?
False
Is 16 a factor of 1905968?
True
Is 1265676 a multiple of 6?
True
Is 150 a factor of 88650?
True
Is 467241 a multiple of 526?
False
Is 9632 a multiple of 32?
True
Is 62294 a multiple of 115?
False
Is 34 a factor of 14246?
True
Is 83 a factor of 346750?
False
Is 33 a factor of 42917?
False
Does 996 divide 4277214?
False
Is 20 a factor of 230454?
False
Does 145 divide 6403925?
True
Does 126 divide 1155525?
False
Is 282232 a multiple of 16?
False
Does 103 divide 2007470?
True
Is 39171 a multiple of 29?
False
Does 726 divide 709302?
True
Is 35 a factor of 38859?
False
Does 2 divide 15268?
True
Is 227048 a multiple of 32?
False
Does 3 divide 26341?
False
Is 1345248 a multiple of 243?
True
Is 239055 a multiple of 228?
False
Is 444 a factor of 4752132?
True
Does 95 divide 18446619?
False
Does 19 divide 23770819?
False
Does 3 divide 6775?
False
Is 9 a factor of 63324?
True
Is 8 a factor of 376576?
True
Does 79 divide 2628488?
True
Is 375670 a multiple of 6?
False
Does 4 divide 56580?
True
Is 28640 a multiple of 5?
True
Is 2714 a multiple of 23?
True
Is 107766 a multiple of 60?
False
Does 24 divide 1370462?
False
Is 3218364 a multiple of 1374?
False
Is 1823827 a multiple of 240?
False
Is 2 a factor of 6136?
True
Is 15327200 a multiple of 20?
True
Is 2776304 a multiple of 944?
True
Is 397880 a multiple of 280?
True
Does 5 divide 89665?
True
Is 6 a factor of 92122?
False
Does 419 divide 154611?
True
Does 579 divide 365928?
True
Is 892746 a multiple of 9?
True
Does 18 divide 13764011?
False
Does 21 divide 5670975?
False
Is 907314 a multiple of 366?
True
Does 36 divide 362413?
False
Is 103 a factor of 64684?
True
Is 5673169 a multiple of 31?
False
Does 61 divide 23628?
False
Is 1261087 a multiple of 8?
False
Does 23 divide 24109717?
False
Is 12 a factor of 14845?
False
Is 2031158 a multiple of 66?
False
Is 10 a factor of 68840?
True
Is 128 a factor of 8611519?
False
Does 112 divide 5233372?
False
Is 4738842 a multiple of 206?
False
Does 13 divide 641321?
False
Is 15 a factor of 294710?
False
Does 11 divide 1122405?
False
Is 36 a factor of 67029?
False
Is 166 a factor of 885942?
True
Does 23 divide 40611?
False
Is 10430133 a multiple of 581?
False
Is 365496 a multiple of 12?
True
Is 1551242 a multiple of 77?
True
Is 8 a factor of 30232?
True
Does 445 divide 686190?
True
Is 921956 a multiple of 38?
True
Is 72 a factor of 164304?
True
Does 1919 divide 2402644?
False
Does 28 divide 1566348?
True
Is 41902 a multiple of 74?
False
Does 217 divide 432915?
True
Is 1901072 a multiple of 198?
False
Is 5970772 a multiple of 268?
True
Is 1805137 a multiple of 144?
False
Does 80 divide 5809571?
False
Is 108224 a multiple of 89?
True
Is 2 a factor of 36513?
False
Does 18 divide 456408?
True
Is 26895 a multiple of 375?
False
Is 32580 a multiple of 5?
True
Does 75 divide 109875?
True
Is 759816 a multiple of 732?
True
Is 297 a factor of 342738?
True
Is 9422595 a multiple of 195?
True
Is 30 a factor of 334940?
False
Is 3352 a multiple of 2?
True
Is 2 a factor of 3764653?
False
Is 12466 a multiple of 5?
False
Is 19 a factor of 10902?
False
Is 98 a factor of 129654?
True
Is 33280 a multiple of 512?
True
Does 60 divide 11445584?
False
Is 34100 a multiple of 31?
True
Is 26 a factor of 3706510?
False
Is 117 a factor of 392067?
True
Is 15 a factor of 1554565?
False
Is 12 a factor of 1107240?
True
Is 5 a factor of 479885?
True
Is 35620 a multiple of 20?
True
Is 2003238 a multiple of 9?
True
Is 216436 a multiple of 22?
True
Is 642028 a multiple of 7?
False
Does 37 divide 426277?
True
Does 60 divide 8495330?
False
Does 21 divide 2593488?
False
Is 81909 a multiple of 62?
False
Is 923406 a multiple of 17?
True
Is 25784 a multiple of 22?
True
Is 329432 a multiple of 15?
False
Is 240125 a multiple of 17?
True
Does 29 divide 776112?
False
Is 35 a factor of 1654800?
True
Is 195916 a multiple of 256?
False
Does 25 divide 2571725?
True
Is 15 a factor of 20825550?
True
Does 334 divide 244822?
True
Is 990 a multiple of 11?
True
Does 11 divide 271282?
True
Is 59 a factor of 6622276?
False
Does 12 divide 420900?
True
Is 6107310 a multiple of 9?
True
Does 6 divide 2262074?
False
Is 197 a factor of 100607?
False
Is 130661 a multiple of 273?
False
Is 12 a factor of 95496?
True
Is 74505 a multiple of 22?
False
Is 3 a factor of 219078?
True
Does 174 divide 156098?
False
Is 13262 a multiple of 349?
True
Is 17 a factor of 580303?
False
Is 232339 a multiple of 9?
False
Is 10 a factor of 11881270?
True
Is 646 a factor of 1219622?
False
Is 48 a factor of 491232?
True
Does 32 divide 18911040?
True
Is 4962118 a multiple of 104?
False
Is 53 a factor of 1558052?
False
Does 189 divide 6990568?
False
Is 15 a factor of 10966294?
False
Does 4 divide 68312?
True
Is 114 a factor of 821059?
False
Is 94576 a multiple of 16?
True
Does 1014 divide 3700099?
False
Is 35919 a multiple of 23?
False
Is 327 a factor of 502926?
True
Does 39 divide 139680?
False
Is 18894235 a multiple of 235?
True
Is 3 a factor of 50386?
False
Is 26 a factor of 326482?
True
Is 12873560 a multiple of 115?
True
Does 90 divide 255731?
False
Is 645063 a multiple of 3?
True
Is 85 a factor of 10233?
False
Does 18 divide 1603296?
True
Does 54 divide 789894?
False
Does 122 divide 1963834?
True
Is 28 a factor of 35381?
False
Is 65 a factor of 766523?
False
Does 794 divide 455648?
False
Is 550792 a multiple of 8?
True
Does 343 divide 1116808?
True
Does 98 divide 2112292?
True
Is 3756762 a multiple of 285?
False
Is 259 a factor of 1316022?
False
Does 885 divide 1014982?
False
Is 2 a factor of 721377?
False
Is 16 a factor of 208399?
False
Does 5 divide 4691395?
True
Is 884186 a multiple of 13?
False
Is 412 a factor of 5812224?
False
Is 448745 a multiple of 199?
True
Is 927349 a multiple of 31?
False
Does 19 divide 2776014?
True
Is 106880 a multiple of 80?
True
Does 1355 divide 2141752?
False
Is 1692212 a multiple of 4?
True
Is 551 a factor of 273969?
False
Is 2038000 a multiple of 250?
True
Is 16 a factor of 98464?
True
Is 9552 a multiple of 2?
True
Does 263 divide 3144691?
True
Is 425194 a multiple of 14?
True
Does 221 divide 4420?
True
Is 10 a factor of 113515?
False
Does 58 divide 366138?
False
Does 59 divide 1430281?
False
Is 22814451 a multiple of 29?
False
Is 12 a factor of 189528?
True
Is 666730 a multiple of 387?
False
Is 122788 a multiple of 58?
False
Is 115257 a multiple of 309?
True
Does 5 divide 64069?
False
Is 44 a factor of 1260803?
False
Is 49 a factor of 3997565?
False
Does 158 divide 90466?
False
Is 640038 a multiple of 147?
True
Is 720390 a multiple of 370?
True
Does 265 divide 483471?
False
Is 190960 a multiple of 35?
True
Does 12 divide 113891?
False
Is 319358 a multiple of 142?
T